ive of -x**4/12 - 2*x**3/3 - 9*x**2/2 - 43*x. Let r be w(-3). Let p(o) = o**2 + 6*o + 7. Give p(r).
7
Let u = 6 + 0. Let f be 160/48 - (-4)/u. Let b(w) = 1 + 3 + 4 - 4 + 4*w - w**2. Give b(f).
4
Let p(s) = -s**2 - s - 4. Suppose -17 + 12 = -w. Suppose -2*d - 5 = -4*a + 3, 0 = -w*d - 2*a - 8. Calculate p(d).
-6
Let p(j) = -j + 20. Let x(a) = -2*a + 53. Let f(k) = 5*p(k) - 2*x(k). Calculate f(-10).
4
Let m = 45821 - 45830. Let h(w) = -2*w - 7. Let j(t) = -4*t - 14. Let s(q) = 7*h(q) - 3*j(q). Calculate s(m).
11
Let h(i) be the first derivative of i**3 + 29*i**2/2 - 22*i + 6952. Give h(-10).
-12
Let v(b) = b**3 + 548*b**2 + 536*b**2 - 7 - 1083*b**2 - 8*b. Calculate v(-2).
5
Let t(i) = -40*i**3 - 313*i**2 + 56*i - 727. Let n(j) = -7*j**3 - 52*j**2 + 10*j - 122. Let m(g) = -17*n(g) + 3*t(g). Give m(-55).
3
Suppose 160 = 10*p - 110. Let c(m) = -m**2 + 28*m - 25. Let h be c(p). Let i(g) = -7*g - 3 + 0 + 4. Determine i(h).
-13
Let t(a) be the third derivative of -a**4/12 - 17*a**3/6 + 387*a**2. Determine t(11).
-39
Let k(b) = 95 + 6*b - 2*b - 5*b + 38 + 112 - 232. Let p(l) = -l**2 - 5*l + 6. Let z be p(-5). Calculate k(z).
7
Suppose -2*p + 25 = 5*u, -u = 2*p - 5*u + 20. Suppose -13*d = k - 12*d - 3, p = -5*k - 4*d + 12. Let i(g) = g - 19. Determine i(k).
-19
Let r(v) = 17*v + 78. Let a(q) = 5*q + 26. Let k = -40 + 47. Let h(g) = k*a(g) - 2*r(g). Give h(0).
26
Let z be (5/(50/(-10)))/((-4)/12) + 1. Let p(i) = i**3 - 3*i**2 - 3*i + 2. Determine p(z).
6
Let y(x) be the second derivative of x**3/2 + x**2/2 + 29*x + 3. Let l be -6 + 7 + (1 - 3). Let p be (0 + 3)*(l - 1). Determine y(p).
-17
Let q(n) = -3*n + 1. Let m(d) = 6*d - 36. Let u be m(11). Suppose 5*k + u = -5*x, 5*k + 2 = -2*x - 13. Determine q(k).
4
Let z(b) = b**3 - 2. Let x be -10 + (4 - -1) - -8. Let p be ((-1)/x)/(24/(-144)). Determine z(p).
6
Let f be 1 - (-6)/(-5) - (-123)/15. Let p(n) = n + f - 29 + 5 + 10. Let z be (9 + -1 + -1)*1. What is p(z)?
1
Let f be ((-16)/(-6))/(3267/(-162) - -20). Let g(w) = -w**2 - 17*w - 37. What is g(f)?
-21
Let u(k) = -3 - 90*k - 46*k - 42*k + 177*k. Let h = 18 - 21. Give u(h).
0
Let m(c) be the second derivative of -c**6/360 + c**5/24 + c**4/12 - c**3/3 - 119*c. Let w(a) be the second derivative of m(a). Calculate w(4).
6
Let g(x) = 33*x**2 + 3*x + 126. Let z(m) = 10*m**2 + 41. Let d(q) = -4*g(q) + 13*z(q). Calculate d(-7).
15
Let r(l) = -l - l + 1 - 3*l - 15*l + 0*l. Let g(h) = -3*h**2 + 4*h - 2. Let i be g(1). What is r(i)?
21
Let v(d) = -1. Let q(a) = -5 - 2 - 2*a + 0 + 1. Let p(b) = q(b) - 6*v(b). Suppose 2*o = -757 + 755. Give p(o).
2
Let r(f) = -3*f**2 - 9*f - 96. Let u(i) = 2*i**2 + 9*i + 97. Let d(l) = 3*r(l) + 4*u(l). Let o(p) be the first derivative of d(p). Give o(9).
-9
Let d(p) be the first derivative of p**4/4 - 7*p**3/3 - 9*p**2/2 + 11*p - 15. Suppose 0 = -3*s - 6, 76 = 4*z + 3*s - 14. Suppose 10*b - 7*b = z. What is d(b)?
3
Suppose 8 = 4*v - 2*v. Let j(h) = 6 + 356*h**2 - 700*h**2 + 345*h**2 - 6*h. Determine j(v).
-2
Suppose 5*g - 9*g = 4*o + 4, -5*o = -g - 37. Let b(x) = -47*x + 298. Calculate b(o).
16
Let b(f) be the second derivative of 35*f - 2/3*f**3 + 2*f**2 - 1/20*f**5 - 1/3*f**4 + 1. Calculate b(-4).
20
Let z be 760/75 + (77/(-15) - -5). Let p(o) = -o**2 - 4 - 5*o + 13*o - 4*o - z*o + 0. Calculate p(-5).
1
Let u(l) be the first derivative of l**3/3 - l**2/2 + 3*l + 12. Let z = 876 - 873. Determine u(z).
9
Let v be 8 + (25/(-8) + 4 - 8/(-64)). Let r(j) = -j**2 + 108. Give r(v).
27
Let z be (-102)/14 + (-4)/(-14). Let p(i) = -i**3 + i**2 + 2*i - 18. Let v(q) = -7*q**3 - q**2 + 12*q - 115. Let l(u) = 6*p(u) - v(u). Calculate l(z).
7
Let c(z) = 1. Let b(f) be the first derivative of f**2/2 + 406. Suppose 3*y - 15 = 0, 4*y + 0*y - 22 = -2*w. Let i(h) = w*b(h) - 6*c(h). Determine i(5).
-1
Let u(g) be the first derivative of -1/2*g**2 + 2*g + 6. Let d(r) = -r**2 + 2*r - 4. Let h(s) = 3*d(s) + 7*u(s). Calculate h(-2).
-8
Let m(t) = 9*t + 58. Suppose -32560*z = -32564*z - 32. Determine m(z).
-14
Let u(n) be the third derivative of n**5/60 + n**4/12 + 2*n**3/3 - 2*n**2. Let s = 171 + -142. Suppose -6 = 7*i + s. Give u(i).
19
Let h = -45 + 47. Suppose 0 = -4*p - 5*z + 9, -h*z - 2 = 3*p - 7*z. Let a(t) = -21*t. Calculate a(p).
-21
Let h(j) = -j. Let s = -162 + 166. Suppose 0 = 5*z - s*w - 19, 5*z - 47 = -w - 2*w. Give h(z).
-7
Let x(f) = -f**2 - 5*f - 7. Let z(g) = -7*g + 82. Let s(j) = -33*j + 411. Let q(l) = 4*s(l) - 22*z(l). Let m be q(7). Give x(m).
-13
Let d(q) be the first derivative of -q**3/3 + 4*q**2 - 326. Suppose -3*j - 2 = -20. Give d(j).
12
Let l(t) = -6*t**2 - 30*t + 10. Let d(y) = 2*y**2 + 12*y - 3. Let i(x) = -8*d(x) - 3*l(x). What is i(9)?
102
Let n(w) = -3*w - 3. Suppose 7*y = -75 + 103. Suppose 3*m + 20 = y*z, -2*m - 2*z = 3*m + 16. Determine n(m).
9
Let h(u) = -u**2 - u + 4. Let i be h(-4). Let z(w) = -1276 + 3*w + 2583 - 1312. What is z(i)?
-29
Let p(y) = -64 + 233 - y - 55 - 57 - 59. Suppose 0 = 2*h - 3 + 13. Calculate p(h).
3
Let n(s) = -s**3 + 13*s**2 - 4*s - 18. Let x(l) = l**3 - 13*l**2 + 4*l + 20. Let g(m) = -3*n(m) - 2*x(m). What is g(13)?
66
Let p(x) = x**2 - 6*x - 1. Let m(a) = a**2 + 4. Let c be m(0). Let q(l) = -7*l - c - 8 + 0 + 11. Let j(b) = -7*p(b) + 6*q(b). Calculate j(-1).
-6
Let h(k) = -k**2 + k - 2. Let l = 134 - 50. Suppose -104 - l = -4*v. Let j = v + -49. Determine h(j).
-8
Let y(u) = -26 + 51 - 13 - 37 - u. Calculate y(-8).
-17
Suppose -4*b + 13 = 181. Let y = -17 + -29. Let r = y - b. Let a(o) = 3*o + 5. Calculate a(r).
-7
Let y(t) = -t**2 - 7*t - 7. Let x = -39 - -41. Let m be (x + -3)/(3/(-6)). Suppose -2*q = -m*u - 20, -4*q - 22 = 5*u + 1. Determine y(u).
-7
Let u(c) = -c**3 - 60*c**2 + 60*c - 59. Let k be u(-61). Let j(n) be the first derivative of 1/2*n**k - n - 1. Determine j(-3).
-4
Let s(u) = -u**3 - 6*u**2 - 7*u - 3. Let x(n) = -193*n + 1926. Let y be x(10). Determine s(y).
-7
Let z(u) = 7*u**2 - 53*u - 3. Let l(m) = 5*m**2 - 42*m - 4. Let f(s) = 4*l(s) - 3*z(s). Let v = -51 - -45. Calculate f(v).
11
Suppose -78*r + 76*r + 3 = 3. Let w(j) be the second derivative of -8*j + r - 1/3*j**3 - 2*j**2. What is w(-5)?
6
Let r(c) = -2*c - 6. Let l be r(-3). Suppose 3*b - 8 + 20 = l. Let j(m) = 14*m + 5. Let d(t) = 31*t + 10. Let a(v) = 4*d(v) - 9*j(v). Give a(b).
3
Let n(s) = -6 - 4 + 8*s + s**3 - 9*s**2 + 0*s. Let r = 176659 + -176651. Give n(r).
-10
Let r(a) be the first derivative of a**4/4 + 2*a**3/3 - a**2 - 3*a - 4446. Suppose -x + 2 = 4*x + 4*s, -3*x - 5*s + 9 = 0. Determine r(x).
1
Let h(s) be the second derivative of -s**3/6 - s**2 + 629*s. Give h(-6).
4
Suppose q - 5*d + 15 = -2, d = 5. Let j(u) be the second derivative of u**5/20 - 2*u**4/3 - u**3/6 + 2*u**2 - 269*u - 1. Calculate j(q).
-4
Let m(p) = -299 + 215 - 5*p + 132. What is m(7)?
13
Let a(k) = -k**3 + 13*k**2 - 2*k + 1. Let p(s) = -6*s**3 - 28*s**2 + 18*s + 53. Let c be p(-5). Give a(c).
-25
Let k(o) = 2*o**3 - 5*o**2 + 10*o - 10. Let m be k(2). Let u be (-4 + 5)*-3 + m. Let g(l) = -7*l + 2. Give g(u).
-19
Let f = 36 + -34. Let s(y) = y - 2*y**2 - y**3 + 11*y**2 - 1 - 10*y**f + y. Let n be (1 - 2)/((-1)/(-3)). Determine s(n).
11
Let t(o) = 12433*o + 12422. Let a be t(-1). Let c(v) = 6*v**3 + 10*v**2 - 13*v + 1. Let h(l) = l**3 - 1. Let i(k) = c(k) - 5*h(k). Calculate i(a).
28
Let u(h) = h**3 - 6*h**2 - 3*h + 2. Suppose -5*q + 172 = 3*r, r = -r + 8. Suppose 5*z - 4*b - q = -b, 5*b = -5*z + 40. What is u(z)?
30
Let t = -583 + 588. Let f(u) = -8*u**3 + 22*u**2 + 16*u - 19. Let y(j) = 5*j**3 - 11*j**2 - 8*j + 9. Let g(m) = t*y(m) + 3*f(m). Determine g(-10).
8
Let j(r) be the third derivative of -37*r**4/12 + 71*r**3/2 + 2673*r**2. Calculate j(3).
-9
Let y(d) = -d**3 - 30*d**2 - 4*d - 127. Let s be y(-30). Let c(u) = u**2 + u - 2. Let q be c(-3). Let o(v) = -3*v - 4*v + 6*v**2 + 2*v**3 - q - v**3. Give o(s).
-4
Let s(g) be the first derivative of 4*g**2 + g - 14779. Suppose 2*n - 4*n + 10 = 0. Suppose -2*v + 5*u - 3 = 0, 0*u - 4*u = -n*v + 1. Calculate s(v).
9
Let i be ((-4)/((-24)/(-9)))/((-300)/(-600)). Let g(p) = 2*p + 1. Give g(i).
-5
Let t(s) = s**2 + 2*s - 6. Suppose -25*a = -629 - 1021. Suppose -a = 20*h + 34. Determine t(h).
9
Let k(f) = -f**3 + 4*f**2 - 5*f + 3. Suppose -305*d - 33 = -316*d. Calculate k(d).
-3
Let o(i) = -i*